**2 - f + 1/12*f**4. Let v = -5506 - -5500. What is j(v)?
-5
Let c(w) be the second derivative of -7*w**4/6 + w**3/6 + w**2/2 + 4135*w. Suppose 15 = -4*l - 4*a + 3, 5*a + 10 = 0. Determine c(l).
-14
Let a(y) = 11*y + 4. Let p(u) = -5*u - 2. Let j(b) = 4*a(b) + 9*p(b). Let h(n) = -3*n - 5. Let m(o) = 6*h(o) - 15*j(o). Give m(-2).
6
Suppose l = -0*l - 2*h, l = -5*h - 6. Let m(p) = l*p**2 - 6*p - 5*p**2 + 17 - 7 - 6. What is m(-6)?
4
Let s(x) = 2*x**2 + 6*x + 3. Let h be s(-2). Let z(b) = -20*b - 1. What is z(h)?
19
Let g(t) = -t**2 + t - 1. Let r(d) = 4*d**2 + 5*d + 12. Let m(n) = -3*g(n) - r(n). Determine m(-6).
3
Let n = -39 + 41. Let r(g) = n*g**2 + 3886 - 3886 + 6*g. Let q be (-2)/4*(0 + 8). Calculate r(q).
8
Let t(s) = 8*s - s**2 + 13*s**3 + 13*s**3 - 3 - 38*s**3 + 11*s**3. What is t(3)?
-15
Let k(u) = u. Let i(l) = 4*l**2 - 5*l + 3. Let j = -4 + 7. Let z be i(j). Suppose -2 = w + 4*p - 4, 3*p - z = 3*w. Determine k(w).
-6
Let q = -10 - -20. Suppose -5*z + 3*i + i + 4 = 0, z - 24 = -5*i. Suppose -j + z*y = -7, q = -4*y - 2. Let d(a) = -a - 1. Give d(j).
4
Let a be (6 - (-78)/(-3))/(14/(-7)). Let y(o) = -o**2 + 6*o + 26. Give y(a).
-14
Let z(f) be the second derivative of -f**4/12 - f**3/6 - 2*f**2 - 12*f + 17. What is z(4)?
-24
Let y(n) be the first derivative of -29*n**2 + n + 587. Give y(1).
-57
Let x(s) = 5*s**2 - s. Suppose -5*w = 4*f + 4, -3*f + 7*f = w - 4. What is x(f)?
6
Let f(k) be the second derivative of k**3/3 - 5*k**2/2 + 23*k. Let l = 48 + -53. Determine f(l).
-15
Let y(v) = v**3 + v**2 + 2*v. Let h(p) = -3*p**3 - 13*p**2. Let b(t) = h(t) + 2*y(t). Give b(-11).
-44
Let i(a) be the third derivative of -a**5/120 + a**4/12 + a**3/2 + 12*a**2. Let s(y) be the first derivative of i(y). Give s(11).
-9
Let b be (4/1)/(-16)*-8. Suppose -b*f + 4*f = 0. Let g(x) = -x**3 - x**2 + x - 10. What is g(f)?
-10
Suppose 3*f = 5*m + 96, m - 4*f = -2*m - 62. Let q = -9 - m. Let h = q - 12. Let w(j) = -3*j + 1. What is w(h)?
10
Suppose y = -4*y. Suppose 8 = -2*r + 4*v, 4*r + 2*v - 5*v + 6 = y. Let l(j) = -j - 9. Determine l(r).
-9
Let h = -1424 - -1435. Let k(g) = -g**2 + 10*g + 3. What is k(h)?
-8
Let f(i) be the second derivative of i**4/12 - i**3/6 - i. Suppose -33*n - 253 + 352 = 0. What is f(n)?
6
Let d(o) = -4*o**2 + 6*o - 3. Suppose -20*k - 81 = -47*k. What is d(k)?
-21
Suppose -96*q = -90*q - 60. Let m(h) = 3*h - 3. Calculate m(q).
27
Let d(a) = -5*a**3 - 4*a**2 - 6*a + 2. Let l(m) = 3*m**3 + 2*m**2 + 3*m - 1. Let t(v) = -4*d(v) - 7*l(v). What is t(3)?
-1
Suppose -7*y + 20 = -9*y. Let x = y - -16. Let t(m) = -m**2 + 6*m - 5. Calculate t(x).
-5
Let k be (21/(-14))/(6/(-88)). Suppose -4*f = k - 10. Let n(q) = 2*q + 4. What is n(f)?
-2
Let d(x) = x**2 - x - 3. Let i(g) = g**3 - 5*g + 6. Let b be i(2). Suppose -4*w + w = b*w. Calculate d(w).
-3
Let c be ((6/7)/(-3))/((-12)/7). Let p(j) be the second derivative of 0 + c*j**4 + 0*j**2 - 1/6*j**3 + 3*j - 3/20*j**5. Calculate p(1).
-2
Let s(u) be the second derivative of u**3/6 - 15*u**2 + 165*u. Give s(0).
-30
Let g(u) = -u - 19. Suppose -5*k - 4*x + 1 = 43, 4*k + 2*x = -36. Determine g(k).
-9
Let t(g) = g**3 - g**2 - 3*g - 2. Let b(o) = -o + 16. Let v be b(14). Suppose v*m = -9 - 7. Let q be ((-2)/m)/((-1)/(-12)). What is t(q)?
7
Let j(h) be the second derivative of h**3/6 - 17*h**2/2 - 37*h. Give j(10).
-7
Suppose -3*l + 11 = x, 0*l + l = 5*x - 39. Let a(v) = v**2 - 9*v + 9. Give a(x).
1
Let v(a) = -a**3 - 4*a**2 + 6*a - 4. Let z = 35 + -17. Suppose -15 = b + z. Let k = b + 28. Determine v(k).
-9
Let k(n) = -n**2 - 3*n - 3. Let w = -1 - -1. Suppose w = 3*f + 2*f + 20. Determine k(f).
-7
Let y = 832 + -840. Let q(k) = -2*k - 11. Let t(j) = 8*j + 45. Let g(h) = 9*q(h) + 2*t(h). Determine g(y).
7
Let g be (-15)/(-5) - -1 - (4 - 2). Let u(r) = -r**3 + r**2 - r + 1. Calculate u(g).
-5
Let f = 6 + -1. Suppose -o = -f + 1. Suppose o*z = z. Let c(v) = -v**2 + v - 13. Give c(z).
-13
Let g(k) = 7*k**2 - k. Let u(n) be the first derivative of n**4/4 + 8*n**3/3 + 11*n**2/2 - 7*n - 2. Let x be u(-6). Calculate g(x).
8
Let f(q) = -q**3 + 5*q**2 + 7*q - 4. Let j(g) = 3*g**2 - 3*g. Let a be j(2). Let o be f(a). Let d(i) = 49 + i**o - 49 + 4*i. Determine d(-6).
12
Let s(w) = w + 7. Let d(b) be the first derivative of -7 + 0*b - 5/2*b**2 - 7/3*b**3 - 1/4*b**4. Let z be d(-6). What is s(z)?
1
Let p(l) = 3*l + 0*l - 9 - 3*l - 7*l**2 - l**3 + 7*l. Let u = 1 + -9. Give p(u).
-1
Let w(c) be the first derivative of c**2/2 + 6*c - 10. Let q(n) = 4*n + 18. Let f(z) = 3*q(z) - 8*w(z). Give f(-4).
-10
Let a(h) = h**3 - 5*h**2 + 5*h + 1. Let b be -15*9/45 + 1*7. Calculate a(b).
5
Suppose -263*n - 4*i = -266*n - 2, 2*i - 10 = 0. Let t be (2 - 1)*15 + -1. Let f(u) = -3*u + 2*u + t + 0*u. Give f(n).
8
Let t(h) = h**2 - 7*h + 3. Let d(f) = -f**2 - 16*f + 23. Let a(l) = l - 8 + 5*l**2 - 3*l**2 + l**3 + 7*l**2 + 0*l. Let x be a(-9). Let u be d(x). Give t(u).
-3
Let y(x) = x - 3*x + 0 - 1. Let o(t) = t. Let l(p) = 3*o(p) + y(p). Suppose 5*c + 20 = 3*r, -4*r = -c - 4 - 0. Calculate l(c).
-5
Let o(p) = 7*p + 5. Let t = 1 - 0. Let v(u) = -u**2 + 1. Let s(y) = t*v(y) - o(y). Suppose -11*a + 8*a = -4*z - 4, 5*a + 20 = 0. Calculate s(z).
8
Let g(y) be the second derivative of y**4/2 - y**3/6 + y**2/2 + y. Suppose 125*o = 69 + 29 + 27. Calculate g(o).
6
Let m(w) = w**2 + w - 4. Let l(q) = -q**2 + 3*q**2 + 0*q**2 + 1. Suppose -5 = -7*k + 2*k. Let r be l(k). Calculate m(r).
8
Let z(f) = f + 4. Suppose 4*o - i - 92 = 0, 2*o - i = 35 + 11. Let u = o + -28. Determine z(u).
-1
Let k(i) = -i + 5*i + i**2 + 0*i**2 - 8. Suppose -5*c - 32 = q, -5*c - 94*q + 96*q - 41 = 0. Calculate k(c).
13
Let f = -88 - -1057/12. Let n(w) be the third derivative of -1/12*w**4 + 2/3*w**3 - 1/120*w**6 + 0 + f*w**5 + 0*w - 4*w**2. What is n(5)?
-6
Suppose -3*g - u - 8 = 0, 7*g + u = 9*g + 12. Let n(h) = -h - 2*h + 0 + 2. Calculate n(g).
14
Let f(a) = 5 - 2 - 1 + 2 - 2*a. Let t(o) = o**2 - 5*o + 5. Let r be t(5). Suppose 2*m = 1 + r. Determine f(m).
-2
Let t = -14 + 18. Let b(u) = -4*u**2 - t*u**2 + 3*u**2 + 4*u**2 + 5. Give b(0).
5
Let h(u) be the second derivative of -u**4/12 + 3*u**3/2 - u**2 - 92*u. Calculate h(9).
-2
Let d(o) = o**2 - 9*o - 2. Suppose 6*t - 7 = 7*t + 2*x, -6 = 2*x. Let i be (t - (-6)/2)/((-2)/(-9)). What is d(i)?
-2
Suppose 2*o + 76 = 6*o. Let d(g) = -11 + 10*g - o*g + 8*g. Let l(w) = -4*w + 19. Let r be l(6). Determine d(r).
-6
Let z(w) be the first derivative of -1/3*w**3 + 2*w**2 - 3 + w. Let f = 58 + -54. What is z(f)?
1
Let w(j) = -j**3 + 4*j**2 - 3. Suppose -2*r - 17 = 19. Let x = r + 12. Let p = 10 + x. Give w(p).
-3
Let u = -1342 - -1349. Let m(a) = -a**2 + 11*a - 20. Give m(u).
8
Let z be (4 + -4 + 1)/(18/126). Let x(o) be the third derivative of -z*o**2 - 3/2*o**3 + 1/12*o**4 + 0*o + 0. What is x(6)?
3
Suppose 3*x - 5 - 1 = 0. Let j(s) be the first derivative of 3*s + 1 - 3/2*s**2. Calculate j(x).
-3
Suppose 0 = -4*o - 5*c - 17, 2*c = -2*o + 4*o + 4. Let h = o + 7. Let y be 1*(-2)/h*8. Let b(q) = q**3 + 5*q**2 + 4*q - 2. Calculate b(y).
-2
Suppose -3 = 3*q - 9. Let s(f) = -f - 1 - q*f + 4*f**2 - 2*f**2 - f**2. What is s(3)?
-1
Let x(l) = -l. Let r be (8/(-10))/(6/(-45)). Suppose 7*o - r = 4*o. Suppose -o*u = -0*u - 10. What is x(u)?
-5
Let u(n) = 3*n**2 + n - 3. Let m = -65 + 62. Let r(i) = 3*i**2 + i - 3. Let b(c) = m*u(c) + 2*r(c). What is b(-3)?
-21
Let x(q) be the second derivative of -q**3/3 + q**2 - 5*q. Let a(n) = -n. Let y(s) = -2*s + 4. Let d(m) = 3*a(m) - y(m). Let p be d(-8). Calculate x(p).
-6
Let o(v) = -v**2 + 16*v - 35. Let b be o(4). Let c(n) = -n**2 + 12*n + 3. What is c(b)?
-10
Let l(i) be the second derivative of 0 + 7/6*i**3 + 1/6*i**4 + 1/2*i**2 - 17*i. What is l(-5)?
16
Let f(h) be the third derivative of h**6/120 - h**5/60 - h**4/6 - h**3/2 + 24*h**2. Calculate f(-2).
-7
Suppose 11*n + 55 + 0 = 0. Let z(y) = -3*y - 4. Calculate z(n).
11
Let g = 31 - 19. Suppose 2*w + 13 = -3*o - 1, -3*o = g. Let c(k) = -7*k**3. What is c(w)?
7
Let h(u) = -u. Let l(o) = -4*o - 1. Let q be (-32)/(-12)*-1*-6. Let a = q - 17. Let b(x) = a*l(x) + 5*h(x). Give b(3).
-2
Let b(i) = -i**3 - 3*i**2 - i - 6. Let m be (-7)/(-5) + 12/(-30) - 4. Give b(m).
-3
Let o(x) = x**3 + 8*x**2 + x - 4. Let z = -17 + 85. Let q = z + -76. Give o(q).